{"id":1739,"date":"2024-03-20T08:54:48","date_gmt":"2024-03-20T08:54:48","guid":{"rendered":"https:\/\/trend-baumaschinen.de\/?page_id=1739"},"modified":"2024-04-18T08:51:32","modified_gmt":"2024-04-18T08:51:32","slug":"gelenkteleskop-dino-xt-160-ii-2","status":"publish","type":"page","link":"https:\/\/trend-baumaschinen.de\/?page_id=1739","title":{"rendered":"Raupendumper \/ Kettendumper"},"content":{"rendered":"\n<p>Die Maschine ist ideal geeignet zum Transport von Sch\u00fcttgut wie Sand, Erde, Kies .<\/p>\n\n\n\n<p>Sie k\u00f6nnen bis zu 600 kg zuladen!<\/p>\n\n\n\n<figure class=\"wp-block-gallery aligncenter has-nested-images columns-default is-cropped wp-block-gallery-1 is-layout-flex wp-block-gallery-is-layout-flex\">\n<figure class=\"wp-block-image size-medium\"><img loading=\"lazy\" decoding=\"async\" width=\"300\" height=\"192\" data-id=\"1850\" src=\"https:\/\/trend-baumaschinen.de\/wp-content\/uploads\/2024\/03\/Dumper-und-Bomag-.jpg-300x192.jpg\" alt=\"\" class=\"wp-image-1850\" srcset=\"https:\/\/trend-baumaschinen.de\/wp-content\/uploads\/2024\/03\/Dumper-und-Bomag-.jpg-300x192.jpg 300w, https:\/\/trend-baumaschinen.de\/wp-content\/uploads\/2024\/03\/Dumper-und-Bomag-.jpg.jpg 500w\" sizes=\"(max-width: 300px) 100vw, 300px\" \/><\/figure>\n\n\n\n<figure class=\"wp-block-image size-medium\"><img loading=\"lazy\" decoding=\"async\" width=\"300\" height=\"193\" data-id=\"1849\" src=\"https:\/\/trend-baumaschinen.de\/wp-content\/uploads\/2024\/03\/Dumper-Ebay-kleinanzeigen.jpg-300x193.jpg\" alt=\"\" class=\"wp-image-1849\" srcset=\"https:\/\/trend-baumaschinen.de\/wp-content\/uploads\/2024\/03\/Dumper-Ebay-kleinanzeigen.jpg-300x193.jpg 300w, https:\/\/trend-baumaschinen.de\/wp-content\/uploads\/2024\/03\/Dumper-Ebay-kleinanzeigen.jpg.jpg 500w\" sizes=\"(max-width: 300px) 100vw, 300px\" \/><\/figure>\n<\/figure>\n\n\n\n<p><br><\/p>\n\n\n\n<figure class=\"wp-block-table is-style-stripes\"><table><tbody><tr><td><strong><u>An- und Abtransport<\/u><\/strong><\/td><\/tr><tr><td><br>Transportkosten f\u00fcr Anlieferung und Abholung frei Bordsteinkante<br>werden gesondert berechnet. (Anfahrtspauschale)<\/td><\/tr><\/tbody><\/table><\/figure>\n\n\n\n<figure class=\"wp-block-table is-style-stripes\"><table><tbody><tr><td><strong>Maschinenbruchversicherung<\/strong><\/td><td><\/td><\/tr><tr><td>Alle Mietpreise zzgl. Maschinenbruchversicherung<\/td><td><\/td><\/tr><\/tbody><\/table><\/figure>\n\n\n\n<figure class=\"wp-block-table is-style-stripes\"><table><tbody><tr><td><strong>Treib- und Schmierstoffe<\/strong><\/td><\/tr><tr><td><br>Treib- und Schmierstoffe sind nicht im Mietpreis enthalten und gehen w\u00e4hrend der Miete zu Lasten des Mieters.<\/td><\/tr><\/tbody><\/table><\/figure>\n\n\n\n<figure class=\"wp-block-table is-style-stripes\"><table class=\"has-fixed-layout\"><tbody><tr><td><strong>Tagespreise<\/strong><br><strong><em>Raupendumper <\/em><\/strong><\/td><td><strong>netto<\/strong><\/td><td><strong>brutto<\/strong><\/td><\/tr><tr><td>1 bis 3 Tage<\/td><td>65 EUR<\/td><td>77,35 EUR<\/td><\/tr><tr><td>ab 4 Tagen<\/td><td>55 EUR<\/td><td>65,45 EUR<\/td><\/tr><tr><td>Langzeitmiete<\/td><td>auf Anfrage<\/td><td><\/td><\/tr><\/tbody><\/table><\/figure>\n\n\n\n<p><\/p>\n\n\n\n<p class=\"has-text-align-center\"><em>Alle Netto-Preise zzgl. 19% MwSt.<\/em><\/p>\n\n\n\n<h2 class=\"wp-block-heading\">Datenblatt des Raupendumpers zum Download:<\/h2>\n\n\n\n<p><a href=\"https:\/\/trend-baumaschinen.de\/wp-content\/uploads\/2024\/03\/Datenblatt-Raupendumper.pdf\">Raupendumper<\/a><br><\/p>\n\n\n\n<h2 class=\"wp-block-heading\">Reservierungsanfrage zum Download (PDF):<\/h2>\n\n\n\n<p class=\"has-text-align-left\">F\u00fcr eine verbindliche Reservierungsanfrage f\u00fcllen Sie bitte unser <a rel=\"noreferrer noopener\" href=\"https:\/\/trend-baumaschinen.de\/?page_id=1416\" target=\"_blank\"><strong>Online-Reservierungsformular<\/strong><\/a> aus.<\/p>\n\n\n\n<p>Alternativ k\u00f6nnen Sie auch unser<strong> <\/strong><a rel=\"noreferrer noopener\" href=\"https:\/\/trend-baumaschinen.de\/wp-content\/uploads\/2022\/03\/Reservierungsanfrage.pdf\" target=\"_blank\">PDF-Reservierungsformular<\/a> downloaden, ausf\u00fcllen und an uns zur\u00fcckmailen. <br>Die Reservierungsbest\u00e4tigung folgt in beiden F\u00e4llen schnellstm\u00f6glich. <\/p>\n\n\n\n<p><br>Selbstverst\u00e4ndlich erhalten Sie weiterhin telefonisch Auskunft \u00fcber die Ger\u00e4teverf\u00fcgbarkeit:  <\/p>\n\n\n\n<p>Telefon:  09145 \/ 575<br>Mobil 1: 0151 \/ 58820865<br>Mobil 2: 0170 \/ 2719491<br><br><\/p>\n\n\n\n<h2 class=\"wp-block-heading\">Beispielbild:<\/h2>\n\n\n<div class=\"wp-block-image\">\n<figure class=\"aligncenter size-full\"><img loading=\"lazy\" decoding=\"async\" width=\"500\" height=\"327\" src=\"https:\/\/trend-baumaschinen.de\/wp-content\/uploads\/2024\/03\/Dumper-und-Bomag-ebay-kleinanzeigen.jpg.jpg\" alt=\"\" class=\"wp-image-1851\" srcset=\"https:\/\/trend-baumaschinen.de\/wp-content\/uploads\/2024\/03\/Dumper-und-Bomag-ebay-kleinanzeigen.jpg.jpg 500w, https:\/\/trend-baumaschinen.de\/wp-content\/uploads\/2024\/03\/Dumper-und-Bomag-ebay-kleinanzeigen.jpg-300x196.jpg 300w\" sizes=\"(max-width: 500px) 100vw, 500px\" \/><\/figure><\/div>\n\n\n<p><\/p>\n\n\n\n\n\n<p class=\"has-medium-font-size\"><\/p>\n","protected":false},"excerpt":{"rendered":"<p>Die Maschine ist ideal geeignet zum Transport von Sch\u00fcttgut wie Sand, Erde, Kies . Sie k\u00f6nnen bis zu 600 kg zuladen! Datenblatt des Raupendumpers zum Download: Raupendumper Reservierungsanfrage zum Download (PDF): Beispielbild:<\/p>\n","protected":false},"author":2,"featured_media":0,"parent":0,"menu_order":1,"comment_status":"closed","ping_status":"closed","template":"","meta":{"footnotes":""},"yoast_head":"<!-- This site is optimized with the Yoast SEO plugin v24.5 - https:\/\/yoast.com\/wordpress\/plugins\/seo\/ -->\n<title>Raupendumper \/ Kettendumper -<\/title>\n<meta name=\"robots\" content=\"index, follow, max-snippet:-1, max-image-preview:large, max-video-preview:-1\" \/>\n<link rel=\"canonical\" href=\"https:\/\/trend-baumaschinen.de\/?page_id=1739\" \/>\n<meta property=\"og:locale\" content=\"de_DE\" \/>\n<meta property=\"og:type\" content=\"article\" \/>\n<meta property=\"og:title\" content=\"Raupendumper \/ Kettendumper -\" \/>\n<meta property=\"og:description\" content=\"Die Maschine ist ideal geeignet zum Transport von Sch\u00fcttgut wie Sand, Erde, Kies . Sie k\u00f6nnen bis zu 600 kg zuladen! Datenblatt des Raupendumpers zum Download: Raupendumper Reservierungsanfrage zum Download (PDF): Beispielbild:\" \/>\n<meta property=\"og:url\" content=\"https:\/\/trend-baumaschinen.de\/?page_id=1739\" \/>\n<meta property=\"article:publisher\" content=\"https:\/\/www.facebook.com\/Mietpark-schmidtde-100855289279198\" \/>\n<meta property=\"article:modified_time\" content=\"2024-04-18T08:51:32+00:00\" \/>\n<meta property=\"og:image\" content=\"https:\/\/trend-baumaschinen.de\/wp-content\/uploads\/2024\/03\/Dumper-und-Bomag-.jpg-300x192.jpg\" \/>\n<meta name=\"twitter:card\" content=\"summary_large_image\" \/>\n<meta name=\"twitter:label1\" content=\"Gesch\u00e4tzte Lesezeit\" \/>\n\t<meta name=\"twitter:data1\" content=\"4\u00a0Minuten\" \/>\n<script type=\"application\/ld+json\" class=\"yoast-schema-graph\">{\"@context\":\"https:\/\/schema.org\",\"@graph\":[{\"@type\":\"WebPage\",\"@id\":\"https:\/\/trend-baumaschinen.de\/?page_id=1739\",\"url\":\"https:\/\/trend-baumaschinen.de\/?page_id=1739\",\"name\":\"Raupendumper \/ Kettendumper -\",\"isPartOf\":{\"@id\":\"https:\/\/trend-baumaschinen.de\/#website\"},\"primaryImageOfPage\":{\"@id\":\"https:\/\/trend-baumaschinen.de\/?page_id=1739#primaryimage\"},\"image\":{\"@id\":\"https:\/\/trend-baumaschinen.de\/?page_id=1739#primaryimage\"},\"thumbnailUrl\":\"https:\/\/trend-baumaschinen.de\/wp-content\/uploads\/2024\/03\/Dumper-und-Bomag-.jpg-300x192.jpg\",\"datePublished\":\"2024-03-20T08:54:48+00:00\",\"dateModified\":\"2024-04-18T08:51:32+00:00\",\"breadcrumb\":{\"@id\":\"https:\/\/trend-baumaschinen.de\/?page_id=1739#breadcrumb\"},\"inLanguage\":\"de\",\"potentialAction\":[{\"@type\":\"ReadAction\",\"target\":[\"https:\/\/trend-baumaschinen.de\/?page_id=1739\"]}]},{\"@type\":\"ImageObject\",\"inLanguage\":\"de\",\"@id\":\"https:\/\/trend-baumaschinen.de\/?page_id=1739#primaryimage\",\"url\":\"https:\/\/trend-baumaschinen.de\/wp-content\/uploads\/2024\/03\/Dumper-und-Bomag-.jpg.jpg\",\"contentUrl\":\"https:\/\/trend-baumaschinen.de\/wp-content\/uploads\/2024\/03\/Dumper-und-Bomag-.jpg.jpg\",\"width\":500,\"height\":320},{\"@type\":\"BreadcrumbList\",\"@id\":\"https:\/\/trend-baumaschinen.de\/?page_id=1739#breadcrumb\",\"itemListElement\":[{\"@type\":\"ListItem\",\"position\":1,\"name\":\"Startseite\",\"item\":\"https:\/\/trend-baumaschinen.de\/\"},{\"@type\":\"ListItem\",\"position\":2,\"name\":\"Raupendumper \/ Kettendumper\"}]},{\"@type\":\"WebSite\",\"@id\":\"https:\/\/trend-baumaschinen.de\/#website\",\"url\":\"https:\/\/trend-baumaschinen.de\/\",\"name\":\"\",\"description\":\"Arbeitsb\u00fchnen | Radlader | Minibagger | Baumaschinen | Gartenger\u00e4te |\",\"potentialAction\":[{\"@type\":\"SearchAction\",\"target\":{\"@type\":\"EntryPoint\",\"urlTemplate\":\"https:\/\/trend-baumaschinen.de\/?s={search_term_string}\"},\"query-input\":{\"@type\":\"PropertyValueSpecification\",\"valueRequired\":true,\"valueName\":\"search_term_string\"}}],\"inLanguage\":\"de\"}]}<\/script>\n<!-- \/ Yoast SEO plugin. -->","yoast_head_json":{"title":"Raupendumper \/ Kettendumper -","robots":{"index":"index","follow":"follow","max-snippet":"max-snippet:-1","max-image-preview":"max-image-preview:large","max-video-preview":"max-video-preview:-1"},"canonical":"https:\/\/trend-baumaschinen.de\/?page_id=1739","og_locale":"de_DE","og_type":"article","og_title":"Raupendumper \/ Kettendumper -","og_description":"Die Maschine ist ideal geeignet zum Transport von Sch\u00fcttgut wie Sand, Erde, Kies . Sie k\u00f6nnen bis zu 600 kg zuladen! Datenblatt des Raupendumpers zum Download: Raupendumper Reservierungsanfrage zum Download (PDF): Beispielbild:","og_url":"https:\/\/trend-baumaschinen.de\/?page_id=1739","article_publisher":"https:\/\/www.facebook.com\/Mietpark-schmidtde-100855289279198","article_modified_time":"2024-04-18T08:51:32+00:00","og_image":[{"url":"https:\/\/trend-baumaschinen.de\/wp-content\/uploads\/2024\/03\/Dumper-und-Bomag-.jpg-300x192.jpg","type":"","width":"","height":""}],"twitter_card":"summary_large_image","twitter_misc":{"Gesch\u00e4tzte Lesezeit":"4\u00a0Minuten"},"schema":{"@context":"https:\/\/schema.org","@graph":[{"@type":"WebPage","@id":"https:\/\/trend-baumaschinen.de\/?page_id=1739","url":"https:\/\/trend-baumaschinen.de\/?page_id=1739","name":"Raupendumper \/ Kettendumper -","isPartOf":{"@id":"https:\/\/trend-baumaschinen.de\/#website"},"primaryImageOfPage":{"@id":"https:\/\/trend-baumaschinen.de\/?page_id=1739#primaryimage"},"image":{"@id":"https:\/\/trend-baumaschinen.de\/?page_id=1739#primaryimage"},"thumbnailUrl":"https:\/\/trend-baumaschinen.de\/wp-content\/uploads\/2024\/03\/Dumper-und-Bomag-.jpg-300x192.jpg","datePublished":"2024-03-20T08:54:48+00:00","dateModified":"2024-04-18T08:51:32+00:00","breadcrumb":{"@id":"https:\/\/trend-baumaschinen.de\/?page_id=1739#breadcrumb"},"inLanguage":"de","potentialAction":[{"@type":"ReadAction","target":["https:\/\/trend-baumaschinen.de\/?page_id=1739"]}]},{"@type":"ImageObject","inLanguage":"de","@id":"https:\/\/trend-baumaschinen.de\/?page_id=1739#primaryimage","url":"https:\/\/trend-baumaschinen.de\/wp-content\/uploads\/2024\/03\/Dumper-und-Bomag-.jpg.jpg","contentUrl":"https:\/\/trend-baumaschinen.de\/wp-content\/uploads\/2024\/03\/Dumper-und-Bomag-.jpg.jpg","width":500,"height":320},{"@type":"BreadcrumbList","@id":"https:\/\/trend-baumaschinen.de\/?page_id=1739#breadcrumb","itemListElement":[{"@type":"ListItem","position":1,"name":"Startseite","item":"https:\/\/trend-baumaschinen.de\/"},{"@type":"ListItem","position":2,"name":"Raupendumper \/ Kettendumper"}]},{"@type":"WebSite","@id":"https:\/\/trend-baumaschinen.de\/#website","url":"https:\/\/trend-baumaschinen.de\/","name":"","description":"Arbeitsb\u00fchnen | Radlader | Minibagger | Baumaschinen | Gartenger\u00e4te |","potentialAction":[{"@type":"SearchAction","target":{"@type":"EntryPoint","urlTemplate":"https:\/\/trend-baumaschinen.de\/?s={search_term_string}"},"query-input":{"@type":"PropertyValueSpecification","valueRequired":true,"valueName":"search_term_string"}}],"inLanguage":"de"}]}},"_links":{"self":[{"href":"https:\/\/trend-baumaschinen.de\/index.php?rest_route=\/wp\/v2\/pages\/1739"}],"collection":[{"href":"https:\/\/trend-baumaschinen.de\/index.php?rest_route=\/wp\/v2\/pages"}],"about":[{"href":"https:\/\/trend-baumaschinen.de\/index.php?rest_route=\/wp\/v2\/types\/page"}],"author":[{"embeddable":true,"href":"https:\/\/trend-baumaschinen.de\/index.php?rest_route=\/wp\/v2\/users\/2"}],"replies":[{"embeddable":true,"href":"https:\/\/trend-baumaschinen.de\/index.php?rest_route=%2Fwp%2Fv2%2Fcomments&post=1739"}],"version-history":[{"count":13,"href":"https:\/\/trend-baumaschinen.de\/index.php?rest_route=\/wp\/v2\/pages\/1739\/revisions"}],"predecessor-version":[{"id":1912,"href":"https:\/\/trend-baumaschinen.de\/index.php?rest_route=\/wp\/v2\/pages\/1739\/revisions\/1912"}],"wp:attachment":[{"href":"https:\/\/trend-baumaschinen.de\/index.php?rest_route=%2Fwp%2Fv2%2Fmedia&parent=1739"}],"curies":[{"name":"wp","href":"https:\/\/api.w.org\/{rel}","templated":true}]}}